d)?
-10
Let h be 0 + -1 + (-16)/(-4) + -11. Let k(w) = -2*w + 13. What is k(h)?
29
Let y(l) = -l**3 - 7*l**2 + 1. Let f be y(-7). Let s(v) = -51 + 8*v - 54 + 20*v - 24*v + 121. Let k(g) = g + 2. Let a(p) = f*s(p) - 5*k(p). Determine a(5).
1
Let g(l) = -22*l**2 + 4*l**2 + 2 + 4*l**3 + 4*l - 5*l - 4*l. Let x(i) = 3*i**3 - 16*i**2 - 4*i + 2. Let m(k) = 4*g(k) - 5*x(k). Give m(-8).
-2
Suppose -37*a = -a + 504. Let d(j) = j**3 + 13*j**2 - 14*j + 12. Determine d(a).
12
Let c = 722041/120 - 6017. Let f(w) be the third derivative of 0 + 0*w + 1/6*w**4 + c*w**6 + 6*w**2 + 1/10*w**5 + 2/3*w**3. What is f(-4)?
20
Let i be -1 - 50/(-40) - (-120)/32. Let w(x) be the second derivative of -x**5/20 + 5*x**4/12 - 2*x**3/3 + 2*x**2 - x. What is w(i)?
4
Let t(y) = -y**3 - 62*y**2 - 129*y + 236. Let g be t(-60). Let r be (-10)/(-12) + g/48 + -8. Let k(o) = 3*o + o**2 - 4*o - 10*o + 11. What is k(r)?
-7
Let o(s) be the second derivative of 11*s**3/6 + 15*s**2 - 1710*s + 1. Determine o(-3).
-3
Let m(p) = 2*p - 2. Let d(z) = z**2 - 4*z + 2. Let o be d(-5). Suppose -10 = -x - 2*q, 0 = 4*x + 2*q - 5 - o. Suppose -34 + x = -4*j. Give m(j).
8
Let a(q) be the third derivative of q**6/720 + 7*q**5/120 + 11*q**4/3 + 88*q**2. Let l(j) be the second derivative of a(j). Determine l(-8).
-1
Let r(d) = d**3 + 13*d**2 + 56*d - 51. Let s(b) = b**3 + 14*b**2 + 60*b - 55. Let z(n) = 14*r(n) - 13*s(n). Give z(3).
40
Let o(w) = -1401953*w - 101 + 105 - w**2 + 1401957*w. Suppose y = m - 1, m - 2*y + 4 = -0. What is o(m)?
-8
Let j(s) = s**2 - 19*s + 26. Let v(d) = 4*d + 57. Let a be v(-10). Let q be j(a). Let l(f) = f + 17. What is l(q)?
9
Suppose -4*x + 2*w = -8, 3*x - 3*w + 38 = 7*x. Let i(l) be the first derivative of -x - 1/3*l**3 + 2*l - 3/2*l**2. Determine i(-3).
2
Suppose -2*v = -3*q - 7, 5030*v = 5032*v + 5*q + 1. Suppose -4*c + 32 = 3*l, -2*l = 3*l. Let h(k) = -1 - c*k**2 + 4*k + 3*k**2 - 1. Give h(v).
-14
Let j(z) = -z**2 - 2*z + 4. Let i be j(-3). Let c(x) = i + x**2 + 11*x**2 + x + 4*x - 6*x. Suppose 11 = -0*p - 4*p - 5*u, -13 = -p + 4*u. Calculate c(p).
12
Let z(q) = 22*q - 155. Let k = 7386 + -7379. What is z(k)?
-1
Let n(h) be the first derivative of 119 - 3*h - 7/2*h**2 - 1/3*h**3. Determine n(-6).
3
Let u(c) be the first derivative of -c - 7/2*c**2 - 13. Suppose 0 = -2*l - 5*y + 3*y, 4*l + 8 = 4*y. What is u(l)?
6
Let h(q) = -q**3 - 9*q**2 + 12*q + 11. Suppose -3*a + 6*a = -i + 6, -2*i = 0. Let b be 7/a*80/(-28). Determine h(b).
-9
Let l(a) = -a**2 - 12*a - 10. Let p be 11/(-16 + (-90)/(-6)). Determine l(p).
1
Let l(f) be the second derivative of -f**6/120 + f**5/15 + f**4/3 - 4*f**3/3 - 6*f**2 - 273*f. Let u(c) be the first derivative of l(c). Determine u(5).
7
Let l(d) be the first derivative of -d**5/40 + d**4/6 - 44*d**3/3 + 75. Let y(o) be the third derivative of l(o). Calculate y(6).
-14
Let j(t) be the third derivative of -t**4/24 + t**2. Suppose -952394 = 43*c - 952738. What is j(c)?
-8
Suppose 2 = 6*n - 7*n. Let y(f) = 3*f**3 + 6*f**2 - 2*f - 2. Let h(o) = -o**3 - o**2 - o - 1. Let x(g) = n*h(g) - y(g). Give x(-4).
-12
Let w(k) be the first derivative of 3*k**4/2 - k**3/3 + k + 1. Let f = 785 + -630. Suppose f = -3*n + 149, 3*n = -3*s - 9. Give w(s).
-6
Let l(j) be the second derivative of -j**3/6 + 14*j**2 - 4*j - 54. What is l(20)?
8
Let l(v) = 40*v + 81 + 8*v + v**2 - 4*v. Let j be l(-42). Let g(o) = -o + 1. What is g(j)?
4
Let q(x) = -x**3 + 3*x**2 + 4*x + 1. Suppose 3*s - d = -0*d + 65, -3*s + 5*d + 49 = 0. Suppose 0 = -4*k - 20, 3*t - 2*k - 87 - 4 = 0. Let b = t - s. Give q(b).
1
Let p(m) = 4*m**2 - 53*m + 20. Let c be (-138)/26*(-656)/246 + (-8)/52. Give p(c).
62
Let v(u) be the second derivative of u**5/10 + u**4/12 + u**3/6 - 15*u**2/2 + 824*u. What is v(0)?
-15
Let q(h) = 8*h + 11*h + 11*h - 11*h + 2. Determine q(-1).
-17
Let y(v) = 2*v**3 + 8*v**2 - 19*v - 44. Let o be y(-5). Let s(a) = 88*a**2 - 4*a + 3. Determine s(o).
87
Suppose -2*w - 42 = 4*v, 5*w - 5 + 50 = -4*v. Let u(b) = -b**3 - 12*b**2 - 23*b - 19. What is u(v)?
11
Let q(i) be the first derivative of 6*i + 78 + 8*i**2 - 10*i**2 + 2*i**2 + 2*i**2. What is q(-5)?
-14
Let m = -349 + 351. Let x(l) = -21*l + 3*l**2 - 1 - 2*l**2 + 17*l - m. Calculate x(5).
2
Let s(v) = -v**3 - 5*v**2 + 5*v + 2*v**2 - 5 - 4*v**2 + v**2. Let l = 368 + -357. Suppose -l*g - 168 = 13*g. Give s(g).
9
Suppose -153 = -6*p + 291. Let i = -53 + p. Let t = 20 - i. Let d(q) = 3*q**3 + 2*q**2 - 1. Calculate d(t).
-2
Let n(w) = -w**3 + 19*w**2 + 16*w + 92. Let d be 21/15 + -7 - -5 - (-206)/10. What is n(d)?
12
Let b = -395 - -388. Let j(z) be the second derivative of 5/2*z**2 - z**3 - 13*z - 1/12*z**4 + 0. Give j(b).
-2
Let g(r) = -r**2 + 6*r + 8. Suppose 6*u - 60 = 3*u. Let n = u - -24. Let l = n + -37. What is g(l)?
1
Suppose 55 = -5*j + 5*k, 5*j + 467*k + 35 = 468*k. Let m(l) = -l**3 - 6*l**2 + 4*l + 21. Give m(j).
-3
Suppose -f + 0*f = 9. Let r(q) = -2227*q + 8 + 2236*q - 4 - 358*q**2 + 359*q**2. Calculate r(f).
4
Suppose 140*u - 12*u = -128. Let s(p) = -49*p**3 - p**2 - 2*p - 2. What is s(u)?
48
Let w = -2042 + 2048. Let v(z) = -z**3 + 2*z**2 + 23*z + 1. Give v(w).
-5
Suppose -15 = u + 2*u. Let o(w) be the third derivative of -w**6/120 - w**5/12 - w**4/24 - w**3 + 4*w**2 + 693. Give o(u).
-1
Let g be 148/(-481) + 95/13. Suppose n + 3*n = 32. Let j(d) = -n + d**3 - 2*d**3 - d - 2*d**2 + 3*d + 9*d**2. Determine j(g).
6
Let l be (((-90)/12)/(-5))/((-2)/((-64)/6)). Let w(o) = -o**3 + 11*o**2 - 24*o + 8. Determine w(l).
8
Let x(l) = -l - 19 - 1 + 2. Suppose 7*y = -426*y + 32*y - 285*y. What is x(y)?
-18
Let t(c) = c**3 - 5*c**2 - 16*c + 10. Let j = 1973 + -1966. Calculate t(j).
-4
Suppose 0 = -4*h + 2 + 6. Suppose -2*i = h*i - 5*s - 23, 4*s + 20 = 4*i. Let u(w) = -1 - 37*w**i + w + 36*w**2 + 0. Give u(1).
-1
Let n(p) = p**3 - 10*p**2 - 23*p - 15. Let k(g) = 2*g**2 + 4*g + 6. Let o be k(1). Determine n(o).
-3
Let d = 65 + -61. Let j(r) = -3*r**2 - 12*r - 21. Let s(h) = -4*h**2 - 14*h - 22. Let q(t) = d*s(t) - 5*j(t). Give q(7).
-4
Let r(d) = -2285 + 4631 + 14*d - 2262. Determine r(-6).
0
Let r(o) = 25*o - 1. Let j(b) = -43*b + 2. Let x(g) = -3*j(g) - 5*r(g). Let u(i) = 2*i**2 + 9*i - 3. Let q be u(0). Determine x(q).
-13
Let a = 146 + -152. Let y(l) be the third derivative of l**5/60 + l**4/6 - 5*l**3/6 + 23*l**2. Give y(a).
7
Let y = 3816 - 3807. Let k(a) = -6*a + 12. Give k(y).
-42
Suppose -q = 5*a, -4*a + 4*q = 5*q. Suppose 0 = -3*m + 12 - 0. Let s(f) = 4*f + f - m*f + 1. What is s(a)?
1
Let g(l) = l**2 - l + 6*l + 15 + 4 - l - 3. Determine g(-9).
61
Let s(j) be the second derivative of 23/2*j**2 - 1/3*j**3 + 0 + 65*j. Calculate s(10).
3
Suppose 14*p = 17*p. Suppose 3*a + 3 = -5*o + 6*o, p = -3*o + 4*a + 34. Suppose 0 = -c - 1 + 3, -c = -5*m + o. Let y(q) = q**2 - 5*q + 5. What is y(m)?
1
Let g(f) = 2*f**2 - 4*f - 8. Let l(a) = 11*a + 31. Let j(z) = -4*z - 11. Let m(r) = 17*j(r) + 6*l(r). Let q(p) = -g(p) + 3*m(p). Determine q(-5).
-35
Let a be 30/(-9)*(-450)/20. Suppose -18*l = 33 + a. Let n(t) = -t**2 - 7*t - 7. Calculate n(l).
-1
Let p(f) = 0 + f**3 - 6*f + 1 - 4*f**2 - f - 2*f**2. Let y(m) = -3*m - 23. Let g(r) = r**3 - 9*r**2 - 4*r + 26. Let s be g(9). Let k be y(s). What is p(k)?
1
Let x(a) = 10*a**3 + 2*a + 1. Let l be (155/(-6))/(-5) + 4/(-24). Let t be (7 + l + -10)/(-1). Let p(k) = -k**3 - 2*k**2 + k + 1. Let d be p(t). Give x(d).
-11
Let a(j) = 6*j**2 - j. Let v(p) = p + 1. Suppose -11 = 3*d + 2*f - 3*f, 0 = -3*f - 3. Let o be v(d). Let h = o + 2. Calculate a(h).
7
Let z(w) = w - 142 + 222 - 85 - 3*w + 5*w. Suppose -1 = j, -4*j = -2*n + 2 + 6. Let b(k) = 4*k - 5. Let d(m) = n*b(m) - 3*z(m). Determine d(4).
1
Suppose 5*k + 60 = 5*p, 0 = -3*k - 4*p - 36 - 7. Let a(d) be the third derivative of d**5/60 + 13*d**4/24 + d**3/6 - 5*d**2. Calculate a(k).
1
Let l(f) = 5*f**2 + f + 22. Let u(m) = 11*m**2 + 3*m + 55. Let a(j) = -5*l(j) + 2*u(j). Suppose 4*n + 0*n - 4 = 0. Calculate a(n).
-2
Let z(k) = -3*k + 4. Suppose -18*l - 13 = -17*l + 3*s, 11 = 5*l - 4*s. What is z(l)?
7
Let g(s) = -s**2 + 4*s + 3. Let n be g(-2). Let u(y) = -61*y**2 - 6*y + 3. Let j(h) = -1266*h**2 - 127*h + 61. Let q(z) = -4*j(z) + 83*u(z). Give q(n).
-4
Suppose -22*i - 133 = -23. Let m = -11 - -14. Let r(k) = -m - 4*k**2 - 4 - k**3 + 1 + k. Giv